e (-11 - -1)*2/4. Give k(n).
-5
Suppose 8 = 4*v, o + 3*v = 4*o - 6. Let y(x) = 3*x - 2. Determine y(o).
10
Let j(h) = h**2 - 5*h - 13. Let i be j(7). Let k(w) = 6*w**3 - 2*w**2 + 1. Give k(i).
5
Let s(y) = -2*y - 2. Suppose -5*g - 65 = -55. Determine s(g).
2
Let i(y) = y**2 + 12*y + 14. Let j be i(-10). Let x(k) = -k**2 - 7*k - 4. Let f be x(j). Let d(s) = 4*s**2 + s**3 + 1 - 2*s + 2*s**3 - 2*s**f. What is d(1)?
4
Let a be 423/(-72) - (-1)/(-8). Let k(v) = -v**2 + v**2 + 3 + 6 + v**2 + 9*v. Calculate k(a).
-9
Let h(b) = b - 4. Let x(j) = -j**3 + 2*j**2 + 2*j - 1. Let t be x(2). Give h(t).
-1
Let w(y) = 2*y - 4. Let p be (104/(-39))/((-2)/3). Determine w(p).
4
Let k be (-2 + 1)*1/1. Let i(n) be the first derivative of n**5/24 + n**4/24 - n**3 + 3. Let j(z) be the third derivative of i(z). Determine j(k).
-4
Suppose 3*q + m = -4*m - 26, -3*q = -m + 2. Let o(w) = -2*w - w - 5*w. What is o(q)?
16
Let o(d) = 3 + 9*d - 19*d + 5*d. Let l(y) = -2*y - 4. Let i be l(-3). Calculate o(i).
-7
Let q = -15 - -18. Let h(c) = -c**2 + 4*c + 1. Give h(q).
4
Let g(j) = -3*j - 3*j - 7 + 2*j**2 - 6*j**2 + 2*j**3 - j**3. Calculate g(5).
-12
Suppose 3*b - 5*c + 22 = 0, -b + 2*c + c = 14. Suppose b + 3 = 4*w. Let t(z) = 4*z**2 + 2*z - 1. What is t(w)?
5
Let g(i) = 4*i + 1. Let q(c) = c - 1. Let z(p) = g(p) - 5*q(p). What is z(6)?
0
Let u(g) = -g**3 - g**2 - g + 5. Let h be u(0). Let s(f) = -f**2 - 1 - 3*f - f**3 + 7*f - f**2 + h*f**2. Give s(4).
-1
Let q(o) be the third derivative of o**4/8 - o**3/6 - 5*o**2. Give q(-7).
-22
Let n(a) = -a - 1. Let v = -35 - -38. Determine n(v).
-4
Let r(t) be the third derivative of t**4/24 - t**3/3 + 46*t**2. Let a(x) = x**2 + 2*x. Suppose w - 5*o = 12, 5*w - 2*w - 3*o = 0. Let k be a(w). Give r(k).
1
Let g(r) = -r**2 + 1. Let b be (-2)/(-10) - 44/20. What is g(b)?
-3
Let h(f) = f**3 - 4*f**2 + 2*f - 4. Suppose 0 = -5*r + 30 + 20. Let j be ((-12)/10)/(r/(-25)). Determine h(j).
-7
Suppose 0 = 5*r + n - 8, 15*r - 14*r + 8 = -5*n. Let v(d) = 4*d - 3. Give v(r).
5
Let o(p) = 6*p - 1. Let a be o(1). Let d(z) = -16*z + 28. Let g(j) = -11*j + 19. Let x(w) = -5*d(w) + 7*g(w). Determine x(a).
8
Let k(i) = -3*i + 1. Let p be k(-1). Let t = p + -6. Let y(w) = -3*w**3 + 2*w**3 - 12*w + 14*w - 2*w**2 - 1. What is y(t)?
-5
Suppose 4*o + 2 - 22 = 0. Let l(q) = -q**3 + 5*q**2 + q + 5. Determine l(o).
10
Let u(m) = -m**3 - 5*m**2 + 3*m + 3. Suppose 4*f + d + 23 = -2, -3*f - 3*d - 30 = 0. What is u(f)?
-12
Let f(r) = r**2 + 2*r + 2. Let s = -15 + 21. Let o(a) = -1. Let g(u) = u**2 - 7*u + 3. Let n(h) = g(h) - o(h). Let z be n(s). Calculate f(z).
2
Let j(m) be the first derivative of m**4/12 - m**3 + m**2/2 - m + 2. Let o(b) be the first derivative of j(b). Suppose -4*y + 7*y = 9. Determine o(y).
-8
Suppose 2*p = -2*f + 14, -10 - 3 = -2*p - f. Let u(j) = 3*j - 4. Give u(p).
14
Let g(m) = 2*m**3 + m**2 - 4*m - 3. Suppose 2*o = -o - 6. Let q be (o + (-1 - -1))*1. Calculate g(q).
-7
Suppose 5*n - 5*j + 5 = 0, -4*n + 3*j = n - 3. Let p(f) be the third derivative of 0*f - f**2 + 0 + 0*f**4 + 1/30*f**5 + 1/120*f**6 - 1/6*f**n. Calculate p(-1).
0
Let c(l) = l**3 + 6*l**2 + l + 3. Let v(p) = 3*p**3 + 18*p**2 + 3*p + 9. Let g(u) = -7*c(u) + 2*v(u). Determine g(-6).
3
Let c(n) = 7*n**3 + n**2 - 2*n + 1. Suppose -o + 0*o - 4*v = 0, 3*v + 11 = 2*o. Suppose i = o*i - 3. What is c(i)?
7
Let v(l) = 4*l - 4. Let z(m) = -7*m + 7. Let c(y) = -5*v(y) - 3*z(y). Give c(-3).
-4
Let r(t) be the first derivative of -1/30*t**5 + 0*t**2 - 1/360*t**6 + 1/24*t**4 + t**3 - 1 + 0*t. Let o(i) be the third derivative of r(i). What is o(-3)?
4
Let v(n) be the third derivative of n**6/120 + n**5/20 - 5*n**4/24 - n**3/2 + 2*n**2. Determine v(-4).
1
Let p(m) = 3*m + 6. Let v(o) = o + 2. Let l(z) = -6*p(z) + 17*v(z). Calculate l(5).
-7
Let l(n) = n**2 + 2*n - 1. Let y be (-92)/(-22) - 4/22. Suppose -2*f + 3*f = y*r - 9, 2*r = -5*f - 23. Calculate l(r).
2
Let l(z) = -z + 1. Let r = 11 + -7. Let a(t) = t**3 - 6*t**2 - 6*t + 5. Let g be a(7). Suppose -4*p + g = b, -r*b + 13 = 4*p - 11. Give l(b).
-3
Let q be (-6)/(-9)*45/(-10). Let i(v) = v - 1. Determine i(q).
-4
Suppose 0 = -2*a - 0*a + 4. Let d(c) = c**2 - 2*c**2 + 4*c**a + 1 + 0. What is d(-1)?
4
Let y = 83 + -90. Let s(n) = -n**2 - 7*n + 5. Give s(y).
5
Let g(m) be the second derivative of 0 + 4*m - 3*m**2 + 1/2*m**3. Determine g(4).
6
Let w(q) be the second derivative of q**5/20 - 7*q**4/12 - q**2/2 + 4*q. Give w(7).
-1
Let t be (-50)/(-12) - 2/12. Suppose 1 = -t*m - 7. Let f(c) = c. What is f(m)?
-2
Suppose -2*d + 2*v - 18 = 6*v, 3*d + v = -2. Let u(h) be the first derivative of d + h**2 + h - 3/4*h**4 + 0*h**3. What is u(-1)?
2
Let j(p) = 16*p**2 + p - 1. Let d(b) = 3*b**2. Let k = 17 - 28. Let h(i) = k*d(i) + 2*j(i). Suppose 2*g = -g + 12. Give h(g).
-10
Let m(i) = i**3 - 5*i**2 + i - 2. Suppose 7 = 3*y + h - 0, y - 4*h = 24. Determine m(y).
-14
Let h(p) = p**2 + p + 2. Suppose 5*m = -c - 5 + 17, -30 = -5*m + 5*c. Let d be (-6)/4 - m/2. Determine h(d).
8
Let n(u) be the second derivative of -2*u**3/3 + u. Suppose 2*y = -3*y + 10. Suppose 2*i = -4, -3*x + i = -7*x + y. Give n(x).
-4
Let b(l) = -29*l**3 - 3*l - 4*l**2 + 5 - 2*l + 3*l + 28*l**3. Determine b(-4).
13
Let n = -34 + 33. Let t(h) = 4*h + 0*h - h. Give t(n).
-3
Let x(g) = -32 + 32 - 4*g. What is x(2)?
-8
Suppose -r - 2 = 0, 2*j - 3*r = 2*r + 20. Suppose -g - 8 = j*k - 0, -2*k + 1 = -g. Let q(m) = m**2 + 6*m + 3. What is q(g)?
-6
Suppose -5*r = -r - 136. Suppose -d - 16 = -2*a, 2*a = -2*a + 3*d + r. Let q(s) = -s + 4. Calculate q(a).
-3
Let b(q) = -4*q + 7*q - 5*q**2 - 3*q**3 + 4*q**3. Let w(r) = -r**2 - 7*r - 3. Let o be 12*-2*(-1)/(-4). Let u be w(o). Give b(u).
-9
Let q(y) = 57*y - 1 + 59*y + 2 - 118*y - 6*y**2. Let s = 1 - 0. Calculate q(s).
-7
Let p(l) = l + 3. Let y(f) = 5*f + 9. Let i(n) = -4*p(n) + y(n). Suppose 2*t = -t - 9. What is i(t)?
-6
Let o(s) = -s - 16. Let h(g) = g + 11. Let c be 29/(-2) - (-3)/6. Let q be (-102)/c + 4/(-14). Let t(b) = q*h(b) + 5*o(b). Calculate t(5).
7
Let g = -43 + 61. Suppose 6*n + g = 3*n. Let l be (-2)/n - 52/12. Let f(d) = -d**2 - 4*d + 3. Give f(l).
3
Let z = 56881/120 - 474. Let b(k) be the third derivative of -1/3*k**3 + 0*k - 1/20*k**5 - z*k**6 + 0 - 1/8*k**4 + k**2. Calculate b(-2).
0
Let j = 4 - 0. Suppose -4*l - 12 = -2*q, j*q + q + 5*l = 0. Let o(b) = -b**2 + 0*b**q + 4 + 6*b**3 - 5 + b. Give o(1).
5
Let z(g) = 2*g**2 - g. Suppose -4*y = 2*l - 6, -2*y + 2 = -4*l - 6. Let s = 1 - l. What is z(s)?
6
Let t be 2/(-4)*(-6 + -2). Suppose 2*o + o = 4*b + t, 3*o - 14 = -b. Let l(g) be the third derivative of -g**4/8 + g**3 + g**2. What is l(o)?
-6
Let q(g) = g - 1. Let r(v) = 2*v + 2. Let f(j) = -4*q(j) + r(j). Let h be f(5). Let i(m) be the first derivative of -3*m**2/2 - 6*m + 1. Determine i(h).
6
Let o be 1*(3 + -4 - 1). Let v(c) = -c**3 - c**2 - c + 2. Give v(o).
8
Let w be -3*((-24)/9 + 2). Let u(a) = -w*a + a - 1 - 4 + 3*a. Calculate u(4).
3
Let k = 130 + -255/2. Let w(q) be the second derivative of k*q**2 + 1/3*q**3 + 2*q + 0. Determine w(-4).
-3
Suppose 0 = 3*f + 5*m + 5, -1 = -f - 5*m - 6. Let r(u) = u**2 + 9. Determine r(f).
9
Suppose 0*i = 2*i - 4. Let g(f) = 1 - f - 3 - 3*f**3 - 1 + 4*f**i + 2*f**3. Determine g(4).
-7
Let o = 18 - 9. Let u be 6/9*1*o. Let x(a) be the second derivative of a**3/6 - 2*a**2 - a. What is x(u)?
2
Let q(x) = -x**3 - 6*x**2 - 3*x + 4. Let d be 2/(-2)*-4*5/(-4). Calculate q(d).
-6
Suppose q = 9*q - 48. Let r(m) = -m**3 + 5*m**2 + 8*m. Determine r(q).
12
Let f = -12 + 20. Let p(k) = k**2 - 8*k + 1. What is p(f)?
1
Let k(w) = w + 2. Let c = -8 + 13. Let j = c - 10. Calculate k(j).
-3
Let q be 8/12 - 2/3. Suppose -3*m + q*m = -2*s + 19, 4*m + 27 = 3*s. Let o = -8 + s. Let x(v) = v - 3. What is x(o)?
-6
Let j be -1*((-7)/(-3) + -2)*9. Let m(c) = c**3 + 2*c**2 - 5*c - 3. What is m(j)?
3
Let g(w) = -7*w + 2. Let x(y) = y + 1. Let k(o) = g(o) + 5*x(o). Let p(t) = -3*t + 8. Let c(u) = -4*k(u) + 3*p(u). Give c(-5).
1
Let l(z) = -4 + 4*z**2 - 11*z + 23*z + 5 - 11*z. Give l(-1).
4
Let f(n) = n**2 - 5*n - 5. Suppose 4*i - 5*v + 25 = 8, 0 = i + 3*v - 17. Let x be i*-1*(1 - -1). Let h be (x/(-6))/((-6)/(-45)). What is f(h)?
-5
Let t(f) = f + 7*f - 7*f + 1. Let g = 7 + -6. What is t(g)?
2
Let d(f) = 3*f + 3.